{"id":4637,"date":"2026-03-26T09:10:43","date_gmt":"2026-03-26T14:10:43","guid":{"rendered":"https:\/\/palermosj.edu.co\/Portalweb\/?page_id=4637"},"modified":"2026-03-26T09:10:44","modified_gmt":"2026-03-26T14:10:44","slug":"un-puente-entre-culturas-el-colegio-franciscano-palermo-de-san-jose-consolida-su-liderazgo-en-bilinguismo-con-inmersion-desde-atlanta","status":"publish","type":"page","link":"https:\/\/palermosj.edu.co\/Portalweb\/un-puente-entre-culturas-el-colegio-franciscano-palermo-de-san-jose-consolida-su-liderazgo-en-bilinguismo-con-inmersion-desde-atlanta\/","title":{"rendered":"Un puente entre culturas: El Colegio Franciscano Palermo de San Jos\u00e9 consolida su liderazgo en biling\u00fcismo con inmersi\u00f3n desde Atlanta"},"content":{"rendered":"\n<p>En el <strong>Colegio Franciscano Palermo de San Jos\u00e9<\/strong>, entendemos que el biling\u00fcismo no se limita a las aulas; se vive, se siente y se comparte. Durante la semana del 16 de marzo, nuestra instituci\u00f3n se transform\u00f3 en el epicentro de una <strong>experiencia bicultural transformadora<\/strong>, al recibir a 13 estudiantes de quinto grado provenientes del <strong>Drew Charter School de Atlanta, Georgia<\/strong>.<\/p>\n\n\n\n<p>Esta visita, coordinada gracias a nuestra s\u00f3lida alianza con <strong>PCT Colombia<\/strong>, marca la tercera ocasi\u00f3n en que recibimos a delegaciones estadounidenses, consolidando un modelo de <strong>inmersi\u00f3n en doble v\u00eda<\/strong>. Cabe recordar que el a\u00f1o pasado, varios de nuestros estudiantes de bachillerato, vivieron una experiencia similar en Atlanta, fortaleciendo un intercambio que hoy es referente de excelencia acad\u00e9mica en Envigado y Medell\u00edn.<\/p>\n\n\n\n<div class=\"wp-container-2 wp-block-columns\">\n<div class=\"wp-container-1 wp-block-column\">\n<div class=\"wp-block-media-text alignwide is-stacked-on-mobile\" style=\"grid-template-columns:26% auto\"><figure class=\"wp-block-media-text__media\"><img loading=\"lazy\" width=\"226\" height=\"300\" src=\"https:\/\/palermosj.edu.co\/Portalweb\/wp-content\/uploads\/2026\/03\/IMG_20260317_075438-226x300.jpg\" alt=\"\" class=\"wp-image-4639 size-full\" srcset=\"https:\/\/palermosj.edu.co\/Portalweb\/wp-content\/uploads\/2026\/03\/IMG_20260317_075438-226x300.jpg 226w, https:\/\/palermosj.edu.co\/Portalweb\/wp-content\/uploads\/2026\/03\/IMG_20260317_075438-770x1024.jpg 770w, https:\/\/palermosj.edu.co\/Portalweb\/wp-content\/uploads\/2026\/03\/IMG_20260317_075438-768x1021.jpg 768w, https:\/\/palermosj.edu.co\/Portalweb\/wp-content\/uploads\/2026\/03\/IMG_20260317_075438-1155x1536.jpg 1155w, https:\/\/palermosj.edu.co\/Portalweb\/wp-content\/uploads\/2026\/03\/IMG_20260317_075438-1540x2048.jpg 1540w, https:\/\/palermosj.edu.co\/Portalweb\/wp-content\/uploads\/2026\/03\/IMG_20260317_075438-600x798.jpg 600w, https:\/\/palermosj.edu.co\/Portalweb\/wp-content\/uploads\/2026\/03\/IMG_20260317_075438-488x649.jpg 488w, https:\/\/palermosj.edu.co\/Portalweb\/wp-content\/uploads\/2026\/03\/IMG_20260317_075438-scaled.jpg 1925w\" sizes=\"(max-width: 226px) 100vw, 226px\" \/><\/figure><div class=\"wp-block-media-text__content\">\n<p>      <strong>Una bienvenida con el coraz\u00f3n y el ritmo de Colombia<\/strong><\/p>\n\n\n\n<p>           La inmersi\u00f3n comenz\u00f3 con el calor de hogar. Nuestras <strong>familias anfitrionas<\/strong> abrieron sus puertas para que los             .          ni\u00f1os visitantes y sus acompa\u00f1antes vivieran una experiencia 360\u00b0, practicando espa\u00f1ol en contextos reales y .   .          cotidianos.<\/p>\n\n\n\n<p>          El martes, la energ\u00eda se tom\u00f3 el colegio. Nuestros estudiantes de quinto grado, con el apoyo de sus maestros . . .         de ingl\u00e9s de Sislenguas \u2013 Eafit, \u00a0prepararon una recepci\u00f3n inolvidable: un show de hip-hop, los acordes de . . . . . .         Carlos Vives y una presentaci\u00f3n magistral sobre la riqueza de Colombia que dej\u00f3 claro que en el Palermo, el . . . .         orgullo por nuestra cultura y el dominio de una segunda lengua van de la mano.<\/p>\n<\/div><\/div>\n<\/div>\n<\/div>\n\n\n\n<p><\/p>\n\n\n\n<p><strong>Agenda de aprendizaje, servicio y exploraci\u00f3n<\/strong><\/p>\n\n\n\n<p>Mientras los padres y maestros de Atlanta descubr\u00edan los encantos tur\u00edsticos de Medell\u00edn, los estudiantes se integraron plenamente a nuestra jornada acad\u00e9mica, complementada con actividades de alto impacto:<\/p>\n\n\n\n<ul><li><strong>Sentido Social:<\/strong> El mi\u00e9rcoles, de la mano de <strong>Pastoral Palermo<\/strong>, visitaron la <em>Fundaci\u00f3n Gota de Leche<\/em>. A trav\u00e9s del juego, los ni\u00f1os de ambas naciones demostraron que el lenguaje de la solidaridad es universal.<\/li><li><strong>Tradici\u00f3n y Comunidad:<\/strong> El jueves celebramos el D\u00eda de San Jos\u00e9 y el D\u00eda del Estudiante, integrando a nuestros invitados en la espiritualidad y la alegr\u00eda de nuestra comunidad.<\/li><li><strong>Ciencia y Naturaleza:<\/strong> El cierre de la semana incluy\u00f3 una visita espectacular al <em>Parque Explora<\/em> y un s\u00e1bado de integraci\u00f3n en el <em>Parque Arv\u00ed<\/em>, donde familias anfitrionas y visitantes sellaron lazos de amistad que trascienden fronteras.<\/li><\/ul>\n\n\n\n<p>&#8220;Esta inmersi\u00f3n bicultural reafirma nuestra visi\u00f3n: formar ciudadanos globales capaces de comunicarse con el mundo, manteniendo sus ra\u00edces firmes en los valores franciscanos&#8221;. Hna. Adela Mar\u00eda Duque Pineda, Rectora.<\/p>\n\n\n\n<p><strong>Referentes en experiencias de inmersi\u00f3n<\/strong><\/p>\n\n\n\n<p>Para el Colegio Franciscano Palermo de San Jos\u00e9, ser un referente en biling\u00fcismo significa ofrecer estas <strong>oportunidades de movilidad internacional<\/strong>. Ya sea recibiendo estudiantes extranjeros o llevando a nuestros alumnos a explorar nuevos horizontes, garantizamos una formaci\u00f3n competitiva y profundamente humana.<\/p>\n\n\n\n<p><strong>\u00a1Gracias infinitas a nuestras familias anfitrionas!<\/strong> Ustedes han sido los mejores embajadores de Colombia, demostrando que nuestra instituci\u00f3n es un hogar de puertas abiertas para el mundo.<\/p>\n\n\n\n<p><strong>\u00bfTe gustar\u00eda conocer m\u00e1s sobre nuestro programa de intercambio y modelo de biling\u00fcismo bicultural?<\/strong> Escr\u00edbenos al 320 525 40 34<\/p>\n\n\n\n<p><\/p>\n\n\n\n<figure class=\"wp-container-4 wp-block-gallery-3 wp-block-gallery has-nested-images columns-default is-cropped\">\n<figure class=\"wp-block-image size-large\"><img loading=\"lazy\" width=\"776\" height=\"1024\" data-id=\"4645\"  src=\"https:\/\/palermosj.edu.co\/Portalweb\/wp-content\/uploads\/2026\/03\/IMG_20260317_074832-776x1024.jpg\" alt=\"Bienvenida, primer d\u00eda.\" class=\"wp-image-4645\" srcset=\"https:\/\/palermosj.edu.co\/Portalweb\/wp-content\/uploads\/2026\/03\/IMG_20260317_074832-776x1024.jpg 776w, https:\/\/palermosj.edu.co\/Portalweb\/wp-content\/uploads\/2026\/03\/IMG_20260317_074832-227x300.jpg 227w, https:\/\/palermosj.edu.co\/Portalweb\/wp-content\/uploads\/2026\/03\/IMG_20260317_074832-768x1014.jpg 768w, https:\/\/palermosj.edu.co\/Portalweb\/wp-content\/uploads\/2026\/03\/IMG_20260317_074832-1164x1536.jpg 1164w, https:\/\/palermosj.edu.co\/Portalweb\/wp-content\/uploads\/2026\/03\/IMG_20260317_074832-1551x2048.jpg 1551w, https:\/\/palermosj.edu.co\/Portalweb\/wp-content\/uploads\/2026\/03\/IMG_20260317_074832-600x792.jpg 600w, https:\/\/palermosj.edu.co\/Portalweb\/wp-content\/uploads\/2026\/03\/IMG_20260317_074832-492x649.jpg 492w, https:\/\/palermosj.edu.co\/Portalweb\/wp-content\/uploads\/2026\/03\/IMG_20260317_074832-scaled.jpg 1939w\" sizes=\"(max-width: 776px) 100vw, 776px\" \/><\/figure>\n\n\n\n<figure class=\"wp-block-image size-large\"><img loading=\"lazy\" width=\"582\" height=\"1024\" data-id=\"4642\"  src=\"https:\/\/palermosj.edu.co\/Portalweb\/wp-content\/uploads\/2026\/03\/IMG_20260317_081656-582x1024.jpg\" alt=\"Baile que los estudiantes de Drew hicieron para compartir.\" class=\"wp-image-4642\" srcset=\"https:\/\/palermosj.edu.co\/Portalweb\/wp-content\/uploads\/2026\/03\/IMG_20260317_081656-582x1024.jpg 582w, https:\/\/palermosj.edu.co\/Portalweb\/wp-content\/uploads\/2026\/03\/IMG_20260317_081656-171x300.jpg 171w, https:\/\/palermosj.edu.co\/Portalweb\/wp-content\/uploads\/2026\/03\/IMG_20260317_081656-768x1351.jpg 768w, https:\/\/palermosj.edu.co\/Portalweb\/wp-content\/uploads\/2026\/03\/IMG_20260317_081656-873x1536.jpg 873w, https:\/\/palermosj.edu.co\/Portalweb\/wp-content\/uploads\/2026\/03\/IMG_20260317_081656-1164x2048.jpg 1164w, https:\/\/palermosj.edu.co\/Portalweb\/wp-content\/uploads\/2026\/03\/IMG_20260317_081656-455x800.jpg 455w, https:\/\/palermosj.edu.co\/Portalweb\/wp-content\/uploads\/2026\/03\/IMG_20260317_081656-369x649.jpg 369w, https:\/\/palermosj.edu.co\/Portalweb\/wp-content\/uploads\/2026\/03\/IMG_20260317_081656-scaled.jpg 1455w\" sizes=\"(max-width: 582px) 100vw, 582px\" \/><\/figure>\n\n\n\n<figure class=\"wp-block-image size-large\"><img loading=\"lazy\" width=\"776\" height=\"1024\" data-id=\"4641\"  src=\"https:\/\/palermosj.edu.co\/Portalweb\/wp-content\/uploads\/2026\/03\/IMG_20260317_081929-776x1024.jpg\" alt=\"Padre de familia de Drew.\" class=\"wp-image-4641\" srcset=\"https:\/\/palermosj.edu.co\/Portalweb\/wp-content\/uploads\/2026\/03\/IMG_20260317_081929-776x1024.jpg 776w, https:\/\/palermosj.edu.co\/Portalweb\/wp-content\/uploads\/2026\/03\/IMG_20260317_081929-227x300.jpg 227w, https:\/\/palermosj.edu.co\/Portalweb\/wp-content\/uploads\/2026\/03\/IMG_20260317_081929-768x1013.jpg 768w, https:\/\/palermosj.edu.co\/Portalweb\/wp-content\/uploads\/2026\/03\/IMG_20260317_081929-1164x1536.jpg 1164w, https:\/\/palermosj.edu.co\/Portalweb\/wp-content\/uploads\/2026\/03\/IMG_20260317_081929-1552x2048.jpg 1552w, https:\/\/palermosj.edu.co\/Portalweb\/wp-content\/uploads\/2026\/03\/IMG_20260317_081929-600x792.jpg 600w, https:\/\/palermosj.edu.co\/Portalweb\/wp-content\/uploads\/2026\/03\/IMG_20260317_081929-492x649.jpg 492w, https:\/\/palermosj.edu.co\/Portalweb\/wp-content\/uploads\/2026\/03\/IMG_20260317_081929-scaled.jpg 1940w\" sizes=\"(max-width: 776px) 100vw, 776px\" \/><\/figure>\n\n\n\n<figure class=\"wp-block-image size-large\"><img loading=\"lazy\" width=\"769\" height=\"1024\" data-id=\"4644\"  src=\"https:\/\/palermosj.edu.co\/Portalweb\/wp-content\/uploads\/2026\/03\/IMG_20260318_075652-1-769x1024.jpg\" alt=\"Salieno para la Fundaci\u00f3n Gota de Leche\" class=\"wp-image-4644\" srcset=\"https:\/\/palermosj.edu.co\/Portalweb\/wp-content\/uploads\/2026\/03\/IMG_20260318_075652-1-769x1024.jpg 769w, https:\/\/palermosj.edu.co\/Portalweb\/wp-content\/uploads\/2026\/03\/IMG_20260318_075652-1-225x300.jpg 225w, https:\/\/palermosj.edu.co\/Portalweb\/wp-content\/uploads\/2026\/03\/IMG_20260318_075652-1-768x1022.jpg 768w, https:\/\/palermosj.edu.co\/Portalweb\/wp-content\/uploads\/2026\/03\/IMG_20260318_075652-1-1154x1536.jpg 1154w, https:\/\/palermosj.edu.co\/Portalweb\/wp-content\/uploads\/2026\/03\/IMG_20260318_075652-1-1538x2048.jpg 1538w, https:\/\/palermosj.edu.co\/Portalweb\/wp-content\/uploads\/2026\/03\/IMG_20260318_075652-1-600x800.jpg 600w, https:\/\/palermosj.edu.co\/Portalweb\/wp-content\/uploads\/2026\/03\/IMG_20260318_075652-1-488x649.jpg 488w, https:\/\/palermosj.edu.co\/Portalweb\/wp-content\/uploads\/2026\/03\/IMG_20260318_075652-1-scaled.jpg 1923w\" sizes=\"(max-width: 769px) 100vw, 769px\" \/><\/figure>\n\n\n\n<figure class=\"wp-block-image size-large\"><img loading=\"lazy\" width=\"1024\" height=\"777\" data-id=\"4643\"  src=\"https:\/\/palermosj.edu.co\/Portalweb\/wp-content\/uploads\/2026\/03\/IMG_20260321_151656-1024x777.jpg\" alt=\"Foto general en el Parque Arv\u00ed\" class=\"wp-image-4643\" srcset=\"https:\/\/palermosj.edu.co\/Portalweb\/wp-content\/uploads\/2026\/03\/IMG_20260321_151656-1024x777.jpg 1024w, https:\/\/palermosj.edu.co\/Portalweb\/wp-content\/uploads\/2026\/03\/IMG_20260321_151656-300x227.jpg 300w, https:\/\/palermosj.edu.co\/Portalweb\/wp-content\/uploads\/2026\/03\/IMG_20260321_151656-768x582.jpg 768w, https:\/\/palermosj.edu.co\/Portalweb\/wp-content\/uploads\/2026\/03\/IMG_20260321_151656-1536x1165.jpg 1536w, https:\/\/palermosj.edu.co\/Portalweb\/wp-content\/uploads\/2026\/03\/IMG_20260321_151656-2048x1553.jpg 2048w, https:\/\/palermosj.edu.co\/Portalweb\/wp-content\/uploads\/2026\/03\/IMG_20260321_151656-600x455.jpg 600w, https:\/\/palermosj.edu.co\/Portalweb\/wp-content\/uploads\/2026\/03\/IMG_20260321_151656-856x649.jpg 856w\" sizes=\"(max-width: 1024px) 100vw, 1024px\" \/><\/figure>\n\n\n\n<figure class=\"wp-block-image size-large\"><img loading=\"lazy\" width=\"1024\" height=\"576\" data-id=\"4640\"  src=\"https:\/\/palermosj.edu.co\/Portalweb\/wp-content\/uploads\/2026\/03\/WhatsApp-Image-2026-03-18-at-10.58.43-AM-3-1024x576.jpeg\" alt=\"En la Fundaci\u00f3n Gota de Leche\" class=\"wp-image-4640\" srcset=\"https:\/\/palermosj.edu.co\/Portalweb\/wp-content\/uploads\/2026\/03\/WhatsApp-Image-2026-03-18-at-10.58.43-AM-3-1024x576.jpeg 1024w, https:\/\/palermosj.edu.co\/Portalweb\/wp-content\/uploads\/2026\/03\/WhatsApp-Image-2026-03-18-at-10.58.43-AM-3-300x169.jpeg 300w, https:\/\/palermosj.edu.co\/Portalweb\/wp-content\/uploads\/2026\/03\/WhatsApp-Image-2026-03-18-at-10.58.43-AM-3-768x432.jpeg 768w, https:\/\/palermosj.edu.co\/Portalweb\/wp-content\/uploads\/2026\/03\/WhatsApp-Image-2026-03-18-at-10.58.43-AM-3-1536x864.jpeg 1536w, https:\/\/palermosj.edu.co\/Portalweb\/wp-content\/uploads\/2026\/03\/WhatsApp-Image-2026-03-18-at-10.58.43-AM-3-600x338.jpeg 600w, https:\/\/palermosj.edu.co\/Portalweb\/wp-content\/uploads\/2026\/03\/WhatsApp-Image-2026-03-18-at-10.58.43-AM-3-1154x649.jpeg 1154w, https:\/\/palermosj.edu.co\/Portalweb\/wp-content\/uploads\/2026\/03\/WhatsApp-Image-2026-03-18-at-10.58.43-AM-3.jpeg 1600w\" sizes=\"(max-width: 1024px) 100vw, 1024px\" \/><\/figure>\n<\/figure>\n","protected":false},"excerpt":{"rendered":"<p>En el Colegio Franciscano Palermo de San Jos\u00e9, entendemos que el biling\u00fcismo no se limita a las aulas; se vive, se siente y se comparte. Durante la semana del 16 de marzo, nuestra instituci\u00f3n se transform\u00f3 en el epicentro de una experiencia bicultural transformadora, al recibir a 13 estudiantes de quinto grado provenientes del Drew &hellip;<\/p>\n<p class=\"read-more\"> <a class=\"\" href=\"https:\/\/palermosj.edu.co\/Portalweb\/un-puente-entre-culturas-el-colegio-franciscano-palermo-de-san-jose-consolida-su-liderazgo-en-bilinguismo-con-inmersion-desde-atlanta\/\"> <span class=\"screen-reader-text\">Un puente entre culturas: El Colegio Franciscano Palermo de San Jos\u00e9 consolida su liderazgo en biling\u00fcismo con inmersi\u00f3n desde Atlanta<\/span> Leer m\u00e1s &raquo;<\/a><\/p>\n","protected":false},"author":3,"featured_media":0,"parent":0,"menu_order":0,"comment_status":"closed","ping_status":"closed","template":"","meta":{"ngg_post_thumbnail":0},"_links":{"self":[{"href":"https:\/\/palermosj.edu.co\/Portalweb\/wp-json\/wp\/v2\/pages\/4637"}],"collection":[{"href":"https:\/\/palermosj.edu.co\/Portalweb\/wp-json\/wp\/v2\/pages"}],"about":[{"href":"https:\/\/palermosj.edu.co\/Portalweb\/wp-json\/wp\/v2\/types\/page"}],"author":[{"embeddable":true,"href":"https:\/\/palermosj.edu.co\/Portalweb\/wp-json\/wp\/v2\/users\/3"}],"replies":[{"embeddable":true,"href":"https:\/\/palermosj.edu.co\/Portalweb\/wp-json\/wp\/v2\/comments?post=4637"}],"version-history":[{"count":1,"href":"https:\/\/palermosj.edu.co\/Portalweb\/wp-json\/wp\/v2\/pages\/4637\/revisions"}],"predecessor-version":[{"id":4646,"href":"https:\/\/palermosj.edu.co\/Portalweb\/wp-json\/wp\/v2\/pages\/4637\/revisions\/4646"}],"wp:attachment":[{"href":"https:\/\/palermosj.edu.co\/Portalweb\/wp-json\/wp\/v2\/media?parent=4637"}],"curies":[{"name":"wp","href":"https:\/\/api.w.org\/{rel}","templated":true}]}}