{"id":2062,"date":"2021-07-23T12:03:30","date_gmt":"2021-07-23T17:03:30","guid":{"rendered":"https:\/\/palermosj.edu.co\/Portalweb\/?page_id=2062"},"modified":"2024-07-16T11:22:20","modified_gmt":"2024-07-16T16:22:20","slug":"psicologia","status":"publish","type":"page","link":"https:\/\/palermosj.edu.co\/Portalweb\/psicologia\/","title":{"rendered":"Psicologia"},"content":{"rendered":"\t\t<div data-elementor-type=\"wp-page\" data-elementor-id=\"2062\" class=\"elementor elementor-2062\" data-elementor-settings=\"[]\">\n\t\t\t\t\t\t<div class=\"elementor-inner\">\n\t\t\t\t\t\t\t<div class=\"elementor-section-wrap\">\n\t\t\t\t\t\t\t<section class=\"elementor-section elementor-top-section elementor-element elementor-element-e4f8c45 elementor-section-boxed elementor-section-height-default elementor-section-height-default\" data-id=\"e4f8c45\" data-element_type=\"section\">\n\t\t\t\t\t\t<div class=\"elementor-container elementor-column-gap-default\">\n\t\t\t\t\t\t\t<div class=\"elementor-row\">\n\t\t\t\t\t<div class=\"elementor-column elementor-col-50 elementor-top-column elementor-element elementor-element-af1de1c\" data-id=\"af1de1c\" data-element_type=\"column\">\n\t\t\t<div class=\"elementor-column-wrap elementor-element-populated\">\n\t\t\t\t\t\t\t<div class=\"elementor-widget-wrap\">\n\t\t\t\t\t\t<div class=\"elementor-element elementor-element-08acac4 elementor-widget elementor-widget-heading\" data-id=\"08acac4\" data-element_type=\"widget\" data-widget_type=\"heading.default\">\n\t\t\t\t<div class=\"elementor-widget-container\">\n\t\t\t<h2 class=\"elementor-heading-title elementor-size-default\">Orientaci\u00f3n Escolar<\/h2>\t\t<\/div>\n\t\t\t\t<\/div>\n\t\t\t\t<div class=\"elementor-element elementor-element-482ad7b elementor-invisible elementor-widget elementor-widget-image\" data-id=\"482ad7b\" data-element_type=\"widget\" data-settings=\"{&quot;_animation&quot;:&quot;slideInUp&quot;}\" data-widget_type=\"image.default\">\n\t\t\t\t<div class=\"elementor-widget-container\">\n\t\t\t\t\t\t\t\t<div class=\"elementor-image\">\n\t\t\t\t\t\t\t\t\t\t\t\t<img width=\"1024\" height=\"768\" src=\"https:\/\/palermosj.edu.co\/Portalweb\/wp-content\/uploads\/2022\/08\/12a13b0f-9e10-4443-a5fd-4e273a05404d-1024x768.jpg\" class=\"attachment-large size-large\" alt=\"\" loading=\"lazy\" srcset=\"https:\/\/palermosj.edu.co\/Portalweb\/wp-content\/uploads\/2022\/08\/12a13b0f-9e10-4443-a5fd-4e273a05404d-1024x768.jpg 1024w, https:\/\/palermosj.edu.co\/Portalweb\/wp-content\/uploads\/2022\/08\/12a13b0f-9e10-4443-a5fd-4e273a05404d-300x225.jpg 300w, https:\/\/palermosj.edu.co\/Portalweb\/wp-content\/uploads\/2022\/08\/12a13b0f-9e10-4443-a5fd-4e273a05404d-768x576.jpg 768w, https:\/\/palermosj.edu.co\/Portalweb\/wp-content\/uploads\/2022\/08\/12a13b0f-9e10-4443-a5fd-4e273a05404d-1536x1152.jpg 1536w, https:\/\/palermosj.edu.co\/Portalweb\/wp-content\/uploads\/2022\/08\/12a13b0f-9e10-4443-a5fd-4e273a05404d.jpg 1600w\" sizes=\"(max-width: 1024px) 100vw, 1024px\" \/>\t\t\t\t\t\t\t\t\t\t\t\t\t\t<\/div>\n\t\t\t\t\t\t<\/div>\n\t\t\t\t<\/div>\n\t\t\t\t\t\t<\/div>\n\t\t\t\t\t<\/div>\n\t\t<\/div>\n\t\t\t\t<div class=\"elementor-column elementor-col-50 elementor-top-column elementor-element elementor-element-dffde63\" data-id=\"dffde63\" data-element_type=\"column\">\n\t\t\t<div class=\"elementor-column-wrap elementor-element-populated\">\n\t\t\t\t\t\t\t<div class=\"elementor-widget-wrap\">\n\t\t\t\t\t\t<div class=\"elementor-element elementor-element-1e882d0 elementor-widget elementor-widget-text-editor\" data-id=\"1e882d0\" data-element_type=\"widget\" data-widget_type=\"text-editor.default\">\n\t\t\t\t<div class=\"elementor-widget-container\">\n\t\t\t\t\t\t\t\t<div class=\"elementor-text-editor elementor-clearfix\">\n\t\t\t\t<p class=\"x_MsoNormal\"><span lang=\"ES-MX\">Buscando cumplir nuestro prop\u00f3sito superior, de acompa\u00f1ar a las familias en el desaf\u00edo de educar para la vida, nuestro Colegio ofrece el servicio de Orientaci\u00f3n Escolar buscando apoyar los procesos formativos a la luz de los diferentes estilos y ritmos de aprendizaje, igualmente promueve la integraci\u00f3n de los estudiantes en sus grupos de estudio.\u00a0<\/span><\/p><p class=\"x_MsoNormal\"><span lang=\"ES-MX\">Desde este espacio apoyamos los procesos de inclusi\u00f3n escolar, siendo un puente entre la familia, el estudiante y los maestros, identificando las mejores estrategias para favorecer el aprendizaje, la autonom\u00eda y el trabajo colaborativo.\u00a0<\/span><\/p><p class=\"x_MsoNormal\"><span lang=\"ES-MX\">De la misma forma se eval\u00faan y se gestionan, los procesos de adecuaciones y ajustes pedag\u00f3gicos a los estudiantes que tienen alg\u00fan requerimiento, sea temporal o permanente.\u00a0<\/span><\/p><p class=\"x_MsoNormal\"><span lang=\"ES-MX\">Tambi\u00e9n apoyamos a los ni\u00f1os, ni\u00f1as y adolescentes, que, por alguna u otra raz\u00f3n, presentan dificultades al interior de sus hogares, para bordar las tensiones familiares y minimizarlas, buscando as\u00ed la armon\u00eda con las personas que lo rodean.\u00a0<\/span><\/p><p class=\"x_MsoNormal\"><span lang=\"ES-MX\">En Orientaci\u00f3n Escolar, prima la salud mental, por eso tambi\u00e9n estamos atentos y prestos a remitir a los estudiantes y sus familias, que requieran una atenci\u00f3n m\u00e1s centrada y especializada.\u00a0<\/span><\/p><p class=\"x_MsoNormal\"><span lang=\"ES-MX\">Orientamos tambi\u00e9n a toda la comunidad educativa sobre educaci\u00f3n afectiva \u2013 sexual y prevenci\u00f3n ante el uso de drogas y sustancias psicoactivas. \u00a0<\/span><\/p><h6><span lang=\"ES-MX\">Estaremos atentos a conversar contigo cuando lo requieras, escr\u00edbenos a <\/span><strong><span lang=\"EN-US\"><a id=\"LPlnk701154\" href=\"mailto:psicologiab@palermosj.edu.co\" target=\"_blank\" rel=\"noopener noreferrer\" data-auth=\"NotApplicable\" data-linkindex=\"0\"><span lang=\"ES-MX\">psicologiab@palermosj.edu.co<\/span><\/a><\/span><\/strong><\/h6>\t\t\t\t\t<\/div>\n\t\t\t\t\t\t<\/div>\n\t\t\t\t<\/div>\n\t\t\t\t\t\t<\/div>\n\t\t\t\t\t<\/div>\n\t\t<\/div>\n\t\t\t\t\t\t\t\t<\/div>\n\t\t\t\t\t<\/div>\n\t\t<\/section>\n\t\t\t\t<section class=\"elementor-section elementor-top-section elementor-element elementor-element-2491b66 elementor-section-boxed elementor-section-height-default elementor-section-height-default\" data-id=\"2491b66\" data-element_type=\"section\">\n\t\t\t\t\t\t<div class=\"elementor-container elementor-column-gap-default\">\n\t\t\t\t\t\t\t<div class=\"elementor-row\">\n\t\t\t\t\t<div class=\"elementor-column elementor-col-100 elementor-top-column elementor-element elementor-element-9ccb374\" data-id=\"9ccb374\" data-element_type=\"column\">\n\t\t\t<div class=\"elementor-column-wrap elementor-element-populated\">\n\t\t\t\t\t\t\t<div class=\"elementor-widget-wrap\">\n\t\t\t\t\t\t<div class=\"elementor-element elementor-element-9f9f404 elementor-widget elementor-widget-heading\" data-id=\"9f9f404\" data-element_type=\"widget\" data-widget_type=\"heading.default\">\n\t\t\t\t<div class=\"elementor-widget-container\">\n\t\t\t<h2 class=\"elementor-heading-title elementor-size-default\">Conoce aqu\u00ed nuestra ruta de atenci\u00f3n a casos de presunta violencia sexual<\/h2>\t\t<\/div>\n\t\t\t\t<\/div>\n\t\t\t\t\t\t<\/div>\n\t\t\t\t\t<\/div>\n\t\t<\/div>\n\t\t\t\t\t\t\t\t<\/div>\n\t\t\t\t\t<\/div>\n\t\t<\/section>\n\t\t\t\t<section class=\"elementor-section elementor-top-section elementor-element elementor-element-5f7905c elementor-section-boxed elementor-section-height-default elementor-section-height-default\" data-id=\"5f7905c\" data-element_type=\"section\">\n\t\t\t\t\t\t<div class=\"elementor-container elementor-column-gap-default\">\n\t\t\t\t\t\t\t<div class=\"elementor-row\">\n\t\t\t\t\t<div class=\"elementor-column elementor-col-100 elementor-top-column elementor-element elementor-element-a31a239\" data-id=\"a31a239\" data-element_type=\"column\">\n\t\t\t<div class=\"elementor-column-wrap elementor-element-populated\">\n\t\t\t\t\t\t\t<div class=\"elementor-widget-wrap\">\n\t\t\t\t\t\t<div class=\"elementor-element elementor-element-3e1a8f8 elementor-widget elementor-widget-image\" data-id=\"3e1a8f8\" data-element_type=\"widget\" data-widget_type=\"image.default\">\n\t\t\t\t<div class=\"elementor-widget-container\">\n\t\t\t\t\t\t\t\t<div class=\"elementor-image\">\n\t\t\t\t\t\t\t\t\t\t\t\t<img width=\"800\" height=\"2000\" src=\"https:\/\/palermosj.edu.co\/Portalweb\/wp-content\/uploads\/2024\/07\/Infografia-Protocolo-Atencion-Violencia-Sexual.jpg\" class=\"attachment-full size-full\" alt=\"\" loading=\"lazy\" srcset=\"https:\/\/palermosj.edu.co\/Portalweb\/wp-content\/uploads\/2024\/07\/Infografia-Protocolo-Atencion-Violencia-Sexual.jpg 800w, https:\/\/palermosj.edu.co\/Portalweb\/wp-content\/uploads\/2024\/07\/Infografia-Protocolo-Atencion-Violencia-Sexual-120x300.jpg 120w, https:\/\/palermosj.edu.co\/Portalweb\/wp-content\/uploads\/2024\/07\/Infografia-Protocolo-Atencion-Violencia-Sexual-410x1024.jpg 410w, https:\/\/palermosj.edu.co\/Portalweb\/wp-content\/uploads\/2024\/07\/Infografia-Protocolo-Atencion-Violencia-Sexual-768x1920.jpg 768w, https:\/\/palermosj.edu.co\/Portalweb\/wp-content\/uploads\/2024\/07\/Infografia-Protocolo-Atencion-Violencia-Sexual-614x1536.jpg 614w, https:\/\/palermosj.edu.co\/Portalweb\/wp-content\/uploads\/2024\/07\/Infografia-Protocolo-Atencion-Violencia-Sexual-320x800.jpg 320w, https:\/\/palermosj.edu.co\/Portalweb\/wp-content\/uploads\/2024\/07\/Infografia-Protocolo-Atencion-Violencia-Sexual-260x649.jpg 260w\" sizes=\"(max-width: 800px) 100vw, 800px\" \/>\t\t\t\t\t\t\t\t\t\t\t\t\t\t<\/div>\n\t\t\t\t\t\t<\/div>\n\t\t\t\t<\/div>\n\t\t\t\t\t\t<\/div>\n\t\t\t\t\t<\/div>\n\t\t<\/div>\n\t\t\t\t\t\t\t\t<\/div>\n\t\t\t\t\t<\/div>\n\t\t<\/section>\n\t\t\t\t<section class=\"elementor-section elementor-top-section elementor-element elementor-element-e58473d elementor-section-boxed elementor-section-height-default elementor-section-height-default\" data-id=\"e58473d\" data-element_type=\"section\">\n\t\t\t\t\t\t<div class=\"elementor-container elementor-column-gap-default\">\n\t\t\t\t\t\t\t<div class=\"elementor-row\">\n\t\t\t\t\t<div class=\"elementor-column elementor-col-100 elementor-top-column elementor-element elementor-element-4b245c8\" data-id=\"4b245c8\" data-element_type=\"column\">\n\t\t\t<div class=\"elementor-column-wrap elementor-element-populated\">\n\t\t\t\t\t\t\t<div class=\"elementor-widget-wrap\">\n\t\t\t\t\t\t<div class=\"elementor-element elementor-element-7c7b693 elementor-widget elementor-widget-heading\" data-id=\"7c7b693\" data-element_type=\"widget\" data-widget_type=\"heading.default\">\n\t\t\t\t<div class=\"elementor-widget-container\">\n\t\t\t<h2 class=\"elementor-heading-title elementor-size-default\">Este es un correo seguro. \nPuedes escribirnos si necesitas contarnos algo:\npsicologiab@palermosj.edu.co<\/h2>\t\t<\/div>\n\t\t\t\t<\/div>\n\t\t\t\t\t\t<\/div>\n\t\t\t\t\t<\/div>\n\t\t<\/div>\n\t\t\t\t\t\t\t\t<\/div>\n\t\t\t\t\t<\/div>\n\t\t<\/section>\n\t\t\t\t\t\t<\/div>\n\t\t\t\t\t\t<\/div>\n\t\t\t\t\t<\/div>\n\t\t","protected":false},"excerpt":{"rendered":"<p>Orientaci\u00f3n Escolar Buscando cumplir nuestro prop\u00f3sito superior, de acompa\u00f1ar a las familias en el desaf\u00edo de educar para la vida, nuestro Colegio ofrece el servicio de Orientaci\u00f3n Escolar buscando apoyar los procesos formativos a la luz de los diferentes estilos y ritmos de aprendizaje, igualmente promueve la integraci\u00f3n de los estudiantes en sus grupos de &hellip;<\/p>\n<p class=\"read-more\"> <a class=\"\" href=\"https:\/\/palermosj.edu.co\/Portalweb\/psicologia\/\"> <span class=\"screen-reader-text\">Psicologia<\/span> Leer m\u00e1s &raquo;<\/a><\/p>\n","protected":false},"author":1,"featured_media":0,"parent":0,"menu_order":0,"comment_status":"closed","ping_status":"closed","template":"","meta":{"ngg_post_thumbnail":0},"_links":{"self":[{"href":"https:\/\/palermosj.edu.co\/Portalweb\/wp-json\/wp\/v2\/pages\/2062"}],"collection":[{"href":"https:\/\/palermosj.edu.co\/Portalweb\/wp-json\/wp\/v2\/pages"}],"about":[{"href":"https:\/\/palermosj.edu.co\/Portalweb\/wp-json\/wp\/v2\/types\/page"}],"author":[{"embeddable":true,"href":"https:\/\/palermosj.edu.co\/Portalweb\/wp-json\/wp\/v2\/users\/1"}],"replies":[{"embeddable":true,"href":"https:\/\/palermosj.edu.co\/Portalweb\/wp-json\/wp\/v2\/comments?post=2062"}],"version-history":[{"count":46,"href":"https:\/\/palermosj.edu.co\/Portalweb\/wp-json\/wp\/v2\/pages\/2062\/revisions"}],"predecessor-version":[{"id":3896,"href":"https:\/\/palermosj.edu.co\/Portalweb\/wp-json\/wp\/v2\/pages\/2062\/revisions\/3896"}],"wp:attachment":[{"href":"https:\/\/palermosj.edu.co\/Portalweb\/wp-json\/wp\/v2\/media?parent=2062"}],"curies":[{"name":"wp","href":"https:\/\/api.w.org\/{rel}","templated":true}]}}